(m) = -m**3 - 8*m**2 - 25*m + 11. Is c(t) composite?
False
Let c be (-4)/8*((-11 - 2) + -1). Let q(m) = m**2 - 6*m - 7. Let g be q(c). Suppose -x - 3*x + 508 = -5*b, g = -b. Is x a prime number?
True
Suppose -3*c - r = -1021489, c = 35*r - 38*r + 340507. Is c composite?
True
Is (6 + (-152)/16)/((-2)/110456*2) a prime number?
False
Let o(u) = 11*u**2 + 22*u - 16 - u**3 + 12*u + 5*u**2. Is o(15) composite?
False
Is 7 + -14 - 137819*(-7 + 1) prime?
True
Let c = -71 + 109. Suppose -10 = -12*w + c. Suppose s = -g + 1806, -w*g + 9035 = g + 4*s. Is g prime?
True
Suppose 0 = 10*b + 56207 - 2417. Is (2 - b)*(-20 + 21) a composite number?
False
Suppose 0 = -b - 2*w + 634, -333 = -2*b + w + 930. Let t be (-54)/(-2 + (-405)/(-204)). Suppose x + 2*r = 765, 4*x - t = -4*r - b. Is x a prime number?
False
Let w(m) = 3*m + 54. Let c be w(-17). Suppose -c*v = -5*q - 28, 4*q + 0*v + 24 = 2*v. Let s(y) = -4*y**3 - 12*y**2 + 12*y + 11. Is s(q) a composite number?
True
Let v = 1 + 103. Let u = v - 99. Suppose -5*l + 2*g + 4605 = 0, 3*l - u*l - 4*g = -1842. Is l composite?
True
Let y = 133526 + 98829. Is y composite?
True
Suppose -8253*y + 1392348 = -8241*y. Is y a composite number?
True
Suppose 0 = -8*z + 17*z + 2403. Let l = -229 - z. Is l a composite number?
True
Let r(h) = 6*h + 694. Let g(u) = 2*u + 231. Let q(s) = -11*g(s) + 4*r(s). Is q(17) a prime number?
True
Suppose -4*o - t = -4*t + 24704, 0 = 5*t. Let p = 1427 - o. Is p a composite number?
False
Is 255/17 + 107885 + 7 composite?
True
Let q = 319893 + -170082. Is q a prime number?
False
Let b = 457100 + -184293. Is b a composite number?
False
Let m = -9 - -16. Let z be ((m - 4) + -4)*-30. Is z/(-12)*472/(-20) a composite number?
False
Let h(y) = 351*y**3 - 52*y**2 + 226*y - 3. Is h(5) a prime number?
False
Let w = 180237 + -116962. Suppose -26*u + w = -u. Is u composite?
False
Let a be 21/28*(3 - -1). Let v be -2 - 1 - a/(-1). Suppose 4*t - 4*z - 5288 = v, -4*t - z + 5258 = z. Is t prime?
False
Let m = 24214 - 40815. Let g = -11532 - m. Is g composite?
True
Let o(q) = -2*q**2 + 35*q + 31. Let p be o(18). Is 1/p + 360864/39 + 0 prime?
False
Let j(o) = o**2 - 10*o + 1. Let x be j(13). Let l = x + -36. Is -134*(-15)/6*l/10 a prime number?
False
Let n = 580 + -578. Suppose -14*d - 2*x = -12*d - 794, 2*x + 786 = n*d. Is d composite?
True
Suppose 11*d + 3680 = 2*s + 7*d, -5*d + 9275 = 5*s. Let a = s + -1081. Is a prime?
True
Let y = -17404 - -29425. Is y composite?
True
Let x be ((-110)/(-20) - 6)*(1679 - -1). Let d(a) = 173*a - 15. Let u be d(14). Let p = x + u. Is p composite?
False
Let w be 6 - ((-26)/(-6))/((-3)/44487). Is (6/(-15))/((-2)/w) a prime number?
True
Let v be 2/7*((-1055)/(-25) + 13/(-65)). Let j(r) be the third derivative of 9*r**4/4 + 25*r**3/6 + r**2. Is j(v) a composite number?
False
Suppose -4*q - u + 6 = 0, 3 = 5*q + 4*u + 1. Suppose -3*h = 4*s - 25, -q*h = 6*s - 2*s - 26. Let j(d) = 4*d**2 + 9*d + 6. Is j(s) composite?
True
Let s(l) be the first derivative of l**4/4 + 16*l**3/3 - l**2 - 37*l + 5. Let n be s(-16). Is (n + 1 + 30)/((-4)/(-178)) a composite number?
True
Let q(a) = -2*a**2 - 3*a + 14. Let j be q(-5). Let b = j + 23. Is ((-14)/(-56))/((-4686)/2344 + b) a prime number?
True
Suppose 6*t = -23*t + 7*t + 415778. Is t a composite number?
False
Let x = 3657 + -1635. Suppose 4*s - s - 9 = 0. Is (s/2 - 1)/(3/x) prime?
True
Let a be 2 - 8*241/(-2). Suppose -9*w + 6171 = -a. Suppose 2*b = -3*b - 4*d + w, 0 = 5*d + 15. Is b prime?
False
Suppose 832 = -o + 14*o. Suppose -35487 = -o*q + 55*q. Is q prime?
True
Suppose -3*f + 2*w = -147896, 101293 = 5*f - w - 145212. Suppose -5*j = -2*h - f, -h = -j + h + 9854. Is j prime?
False
Let b(d) = -9237*d - 7097. Is b(-110) composite?
True
Is (-1026591)/(-33) - 74/(-407) prime?
False
Suppose -15*d + 1427963 + 1676932 = 0. Is d a composite number?
False
Let f be ((-1)/(-2))/((-7)/(-266)). Suppose 18*y = f*y - 238. Suppose n = -53 + y. Is n composite?
True
Suppose -7*b + j = -3*b - 49, -2*b + 2*j = -26. Let z(n) = 33*n**2 - 16*n - 13. Is z(b) a composite number?
False
Suppose 9*s = -52 - 11. Let h be (s/14)/((-1)/2). Is (4 - 2)*1 - (-966 + h) prime?
True
Suppose -6323 = -3*g + 70981. Suppose 0 = 7*f + 4005 - g. Is f a composite number?
False
Suppose 0 = 11*i - 1779641 - 276622. Is i a composite number?
True
Suppose 0 = 2*m - 4*z - 92392, 5*z - 10*z + 46161 = m. Suppose 3*w + 2*w = -2*g + 46201, 0 = -5*w + 3*g + m. Is w a composite number?
False
Suppose -29*s + 6872601 = -3*s + 606679. Is s prime?
True
Let b(l) = 74*l + 7. Let d be b(6). Let x = d - -460. Is x prime?
True
Let j(d) = -2*d - 22. Let o be j(-12). Let m be (4/(-8) - 0)/((-1)/o). Is (-2)/(-4)*m*3386 a prime number?
True
Let m = 223 + -221. Suppose 0 = -5*t + m*z + 5691, 2286 = 2*t + 5*z - z. Is t a prime number?
False
Let u(s) = 131*s**2 - 51*s - 445. Is u(-18) composite?
True
Let n = 3731 - 8998. Let p = n + 7974. Is p a composite number?
False
Suppose -85*h + 161500 = o - 82*h, -807516 = -5*o + h. Is o prime?
True
Suppose q - u = -1047 - 2726, -q = 5*u + 3791. Let b = 6487 + q. Let p = b - 1917. Is p composite?
True
Let b(n) = 499*n**2 + 30*n - 527. Is b(34) a composite number?
True
Suppose 72 = 44*x - 16. Suppose 0 = -2*n + 2*s + 6683 + 2875, x*n - 3*s - 9556 = 0. Is n a prime number?
False
Let l = 1 - -3. Let j = 728 - -554. Suppose -m + j = 3*m + 3*b, l*m + 4*b - 1284 = 0. Is m composite?
True
Suppose 0*j = 2*k - 4*j - 1728, 0 = -4*k + j + 3421. Let p be 1504 + (-6 - -1) + 4. Let w = p - k. Is w composite?
True
Is (-83158)/(-3)*(-1491)/(-994) a prime number?
True
Let u be (-4)/(-10) - 39353/145. Let w = u + 572. Is w prime?
False
Suppose 4*l = 1529898 - 301654. Is l a composite number?
True
Let l(s) = 94420*s**2 - 65*s - 3. Is l(-2) a prime number?
False
Let l = 18 + -14. Let z be -2*(l/14 + 142996/(-49)). Is z/10 - (-24)/(-40) composite?
True
Suppose 5*p - 15 = 2*w - 7*w, -3*p + 8 = 4*w. Suppose 7 = p*d - 5. Suppose -6*l + d*l + 5669 = y, 0 = -l - y + 1891. Is l a composite number?
False
Suppose -7*i + 12*i = 0. Suppose -34*x + 1174055 - 358837 = i. Is x a composite number?
False
Suppose 5365*n - 83505534 = 5323*n. Is n composite?
False
Suppose 125*w = 222*w - 98733487. Is w a composite number?
True
Suppose 7*a - 136 = 1082. Let g = 9035 - a. Is g prime?
True
Let n = 15 + 7. Let v(w) = 21 - 5*w - 11*w - 8 + n + 2*w**2. Is v(18) prime?
False
Let j be ((-104)/(-39))/(1/381). Let h be (1 - 1)*(8 - 9)/4. Suppose h = 4*g - 12*g + j. Is g a composite number?
False
Suppose 3*g = 4*k + 491321, 2*g + 0*k - k = 327544. Is g a composite number?
False
Suppose -4*r + 12*d = 13*d - 161996, 2*d - 80998 = -2*r. Is r a prime number?
True
Let z(o) = -33370*o + 737. Is z(-3) a composite number?
False
Suppose 8 = -s - 0*y - 4*y, y = 3*s - 15. Is -5 - (s - (-32724)/(-4)) - -1 a prime number?
False
Suppose -2*p + 3*x = 45, 3*p - 5*x = 24 - 94. Let y be ((-6)/p)/(6/(-30)). Is (y - 0)*(-8459)/22 composite?
False
Let n = 73 + -65. Let b be ((-2)/(-8)*-2)/((-2)/n). Suppose 3*g - 786 = -b*g + 3*c, -639 = -4*g - c. Is g a composite number?
True
Suppose f + 4*j = -11, -2*f = -0*j - 2*j - 18. Suppose 0 = f*h - 4*o + 19004 - 58081, 3*h + o - 23453 = 0. Is h a composite number?
False
Suppose -2*c - a + 11 = 0, -4*c + 4*a = 5 + 3. Suppose 3*m = -3*u + 9909, c*m - u - 6920 - 2973 = 0. Is m composite?
False
Let x be (3 + (-20)/8)/((-1)/(-10)). Let v be 14/x - (-4)/20. Is 18242/21 - (-1)/v a composite number?
True
Suppose 4*y - 12*p = -13*p + 31944, -39930 = -5*y + 2*p. Suppose 27*w = -2*m + 31*w + y, -4*w + 11939 = 3*m. Is m prime?
False
Is (30/20 - (-2)/(-4))*2079306/18 a prime number?
False
Let a be 1/(2 - 4/4) - -2. Let m = -17 - -24. Suppose -1 + m = 3*x, 0 = -5*k + a*x + 379. Is k a composite number?
True
Suppose -1107886 = -972*z + 946*z. Is z a composite number?
False
Suppose -26*g + 8367321 - 290083 = 0. Is g a prime number?
True
Suppose -4*r - 7*r + 231 = 0. Suppose 0*g = 4*g + 40. Is (-9924)/g + 0 - r/(-35) composite?
True
Suppose -n + 34 - 15 = 0. Is (926 - n)*(4 + -3) a prime number?
True
Let f(p) be the first derivative of -p**3/3 + 39*p**2/2 - 64*p - 10. Is f(34) a prime number?
False
Let q(f) = 5*f**2 - 3*f - 17. Let s(l) be the second derivative of 7*l**4/4 - 11*l**3/6 - 67*l**2/2 - 4*l. Let t(z) =